 88.
6
Calculate the remainder when 66332540 is divided by 11.
10
What is the remainder when 69139 is divided by 6162?
1357
Calculate the remainder when 96118 is divided by 22.
0
Calculate the remainder when 56049632 is divided by 82.
8
What is the remainder when 1081141 is divided by 3178?
621
Calculate the remainder when 137457 is divided by 4525.
1707
What is the remainder when 242489 is divided by 1402?
1345
Calculate the remainder when 20508 is divided by 133.
26
Calculate the remainder when 379587 is divided by 1679.
133
Calculate the remainder when 3029394 is divided by 2542.
1872
What is the remainder when 15224169 is divided by 173?
169
Calculate the remainder when 675098742 is divided by 314.
312
What is the remainder when 38564007 is divided by 1134235?
17
Calculate the remainder when 1114159 is divided by 13.
7
What is the remainder when 1117477 is divided by 349?
328
Calculate the remainder when 67479 is divided by 16840.
119
What is the remainder when 336518 is divided by 167472?
1574
Calculate the remainder when 3480220 is divided by 696044.
0
What is the remainder when 321368 is divided by 893?
781
Calculate the remainder when 493975 is divided by 18294.
37
Calculate the remainder when 92783289 is divided by 100.
89
What is the remainder when 2663319 is divided by 8?
7
What is the remainder when 5093 is divided by 1703?
1687
Calculate the remainder when 15903 is divided by 193.
77
Calculate the remainder when 176094 is divided by 175803.
291
Calculate the remainder when 576043 is divided by 96001.
37
Calculate the remainder when 129741005 is divided by 34.
31
Calculate the remainder when 9179885 is divided by 22067.
13
Calculate the remainder when 752134 is divided by 717.
1
What is the remainder when 12900656 is divided by 88970?
6
What is the remainder when 26927 is divided by 12487?
1953
Calculate the remainder when 30852896 is divided by 13467.
13466
Calculate the remainder when 11994827 is divided by 291.
98
Calculate the remainder when 3332099 is divided by 4129.
4125
What is the remainder when 23872 is divided by 11783?
306
What is the remainder when 285389 is divided by 903?
41
Calculate the remainder when 1172202 is divided by 9303.
24
What is the remainder when 6965551 is divided by 203?
12
What is the remainder when 398319895 is divided by 37?
21
Calculate the remainder when 12771189 is divided by 131.
130
Calculate the remainder when 11940303 is divided by 3.
0
What is the remainder when 1416813 is divided by 499?
152
What is the remainder when 17746993 is divided by 43180?
13
What is the remainder when 310307 is divided by 5579?
3462
What is the remainder when 3009023 is divided by 419?
184
Calculate the remainder when 163465 is divided by 2343.
1798
Calculate the remainder when 61193 is divided by 6068.
513
What is the remainder when 184317530 is divided by 118?
114
What is the remainder when 640250 is divided by 911?
728
What is the remainder when 8687320 is divided by 126?
124
Calculate the remainder when 5745509 is divided by 150.
59
Calculate the remainder when 11644682 is divided by 333.
5
Calculate the remainder when 27019 is divided by 11129.
4761
Calculate the remainder when 100645146 is divided by 28.
14
What is the remainder when 29115297 is divided by 925?
922
Calculate the remainder when 116880 is divided by 12978.
78
Calculate the remainder when 6731627 is divided by 607.
604
Calculate the remainder when 3374074 is divided by 161.
158
What is the remainder when 40905046 is divided by 957?
952
What is the remainder when 4357153 is divided by 68?
53
Calculate the remainder when 1134731 is divided by 12.
11
Calculate the remainder when 5894070 is divided by 422.
418
Calculate the remainder when 2473547302 is divided by 24.
22
What is the remainder when 177550 is divided by 784?
366
What is the remainder when 5652087 is divided by 1866?
1839
Calculate the remainder when 1011953 is divided by 2181.
2150
What is the remainder when 1229141 is divided by 775?
766
What is the remainder when 3247290 is divided by 1082366?
192
Calculate the remainder when 120337 is divided by 659.
399
What is the remainder when 6571315 is divided by 403?
400
Calculate the remainder when 8170869 is divided by 4.
1
What is the remainder when 6033566 is divided by 341?
253
Calculate the remainder when 7506261 is divided by 13.
9
Calculate the remainder when 2805 is divided by 554.
35
What is the remainder when 37096577 is divided by 41?
23
Calculate the remainder when 9213745 is divided by 98018.
53
Calculate the remainder when 40419532 is divided by 1428.
1420
What is the remainder when 193296 is divided by 38232?
2136
What is the remainder when 10104771 is divided by 11?
6
Calculate the remainder when 138515 is divided by 5695.
1835
Calculate the remainder when 122313604 is divided by 34.
32
What is the remainder when 98462352 is divided by 20?
12
What is the remainder when 161885 is divided by 79873?
2139
Calculate the remainder when 5920 is divided by 2203.
1514
What is the remainder when 170195 is divided by 15327?
1598
Calculate the remainder when 5585518 is divided by 24.
22
What is the remainder when 446152 is divided by 91?
70
Calculate the remainder when 216921832 is divided by 4964.
4960
What is the remainder when 8801497 is divided by 14994?
19
Calculate the remainder when 15412390 is divided by 82.
80
Calculate the remainder when 285482 is divided by 275.
32
What is the remainder when 1757295 is divided by 13?
7
Calculate the remainder when 84270 is divided by 704.
494
What is the remainder when 8310062 is divided by 2685?
2672
What is the remainder when 9118639 is divided by 22?
13
Calculate the remainder when 1130309 is divided by 3706.
3685
Calculate the remainder when 29297 is divided by 14276.
745
Calculate the remainder when 3396360 is divided by 12865.
0
Calculate the remainder when 3731096 is divided by 92.
36
Calculate the remainder when 173593179 is divided by 654.
651
What is the remainder when 10068035 is divided by 5004?
4991
What is the remainder when 31311662 is divided by 16?
14
What is the remainder when 4664251 is divided by 186568?
51
Calculate the remainder when 311279 is divided by 8647.
8634
What is the remainder when 2650 is divided by 980?
690
What is the remainder when 566656 is divided by 283300?
56
What is the remainder when 89613666 is divided by 17862?
12
Calculate the remainder when 17487 is divided by 3201.
1482
What is the remainder when 605735 is divided by 46545?
650
What is the remainder when 80255 is divided by 783?
389
What is the remainder when 3361267 is divided by 120044?
35
Calculate the remainder when 1686479 is divided by 843238.
3
What is the remainder when 337141 is divided by 164?
121
Calculate the remainder when 204653 is divided by 319.
174
What is the remainder when 151774 is divided by 558?
556
Calculate the remainder when 20476275 is divided by 6740.
155
What is the remainder when 6241260 is divided by 3149?
3091
What is the remainder when 7910251 is divided by 103?
57
Calculate the remainder when 10869415 is divided by 7455.
25
What is the remainder when 300751 is divided by 393?
106
Calculate the remainder when 764272529 is divided by 22.
9
What is the remainder when 619549 is divided by 24662?
2999
Calculate the remainder when 32655 is divided by 16320.
15
Calculate the remainder when 1454170 is divided by 290790.
220
Calculate the remainder when 3733803 is divided by 3573.
18
Calculate the remainder when 65540 is divided by 260.
20
What is the remainder when 79762 is divided by 1107?
58
Calculate the remainder when 334816 is divided by 108558.
9142
What is the remainder when 37005 is divided by 10929?
4218
What is the remainder when 197390 is divided by 158?
48
Calculate the remainder when 22198525 is divided by 32.
29
Calculate the remainder when 661035 is divided by 388.
271
What is the remainder when 13529732 is divided by 964?
956
What is the remainder when 315325 is divided by 3080?
1165
Calculate the remainder when 8666874 is divided by 22.
18
What is the remainder when 800447 is divided by 527?
461
Calculate the remainder when 39333517 is divided by 55.
47
What is the remainder when 104482 is divided by 3077?
2941
What is the remainder when 1700287 is d